 be the first derivative of 7*y**2/2 - 97*y + 2. Let b be n(23). What is the greatest common divisor of b and 128?
64
Let p be 54/21*(0 + 7). Suppose 5*u + 4*v - 7 = 3, -u - 5*v = -2. Suppose u*t + 60 = 7*t. What is the greatest common factor of p and t?
6
Let a(q) be the third derivative of 5*q**4/3 - 16*q**3/3 - 41*q**2. Let k be a(8). Calculate the greatest common factor of k and 36.
36
Let b be 30084/24*(-8)/(-4)*1. What is the highest common divisor of b and 654?
109
Suppose -5*a = 3*d - 99, 4*d + 25 = 3*a + 12. What is the greatest common factor of a and 299?
1
Let b be (-11)/(2/2*(-6)/12). Let a(f) = b*f + 6 - 33*f + 3*f**2 + 17*f. Let m be a(-4). What is the greatest common divisor of m and 15?
15
Let o(d) = -4*d + 5. Let l be o(-5). Suppose -4082 = -13*j - 13*j. Suppose c + j = 167. Calculate the greatest common factor of c and l.
5
Let z(m) = m**2 - 5*m - 38. Let w be z(-9). Let v be 2/(-5) + 1 + 104/10. What is the highest common divisor of w and v?
11
Let s = 372 + -267. Suppose 3*n + q - 83 = 7, -4*n = 3*q - 120. Calculate the greatest common divisor of s and n.
15
Let z be 9/2*(-56)/(-6). Let k(y) = -119*y + 2247. Let b be k(15). Calculate the greatest common divisor of b and z.
42
Let n be (-5)/(-3 + 1672/560). Suppose -117 + 12 = -3*d. What is the highest common factor of d and n?
35
Let r(j) = -2*j + 2. Let p be r(-2). Let w be (14610/(-40))/((-12)/8) + 190/76. What is the greatest common factor of w and p?
6
Let m(r) = -2*r + 1. Let l be m(-1). Suppose h + 5*o = 20, -10*h + 16 = -5*h - l*o. Let q be 2 + (280/h - -2). What is the greatest common divisor of 12 and q?
12
Suppose 4*k - 95 = 2*k - v, 4*k = -3*v + 185. Let j(o) = 9 - 7 - 9*o - o**2 + 0*o**2. Let u be j(-8). Calculate the greatest common divisor of u and k.
10
Let s(h) = -77*h**2 + 692*h + 17. Let j be s(9). What is the highest common factor of 2500 and j?
4
Let x = 18106 + -8129. What is the greatest common factor of 22 and x?
11
Let l be (((-30)/(-4))/3)/((-176)/(-160) - 1). Calculate the highest common divisor of l and 8350.
25
Let k(y) = y**2 - 9*y + 8. Let v be k(8). Let r be (50 - 3) + 1 + -6. Let q = r - v. Calculate the greatest common divisor of q and 14.
14
Suppose -63 = -3*k + 900. Let z = -121 + k. What is the highest common divisor of z and 40?
40
Let r(s) = -s**3 - s**2 + 2*s + 6. Let h be r(-3). Suppose 3*n - h = -q - 5, 37 = 4*q - 3*n. Calculate the greatest common divisor of q and 70.
10
Suppose 5*n = b - 452, -10*b + 11*b + 5*n - 432 = 0. Calculate the highest common factor of b and 78.
26
Suppose -235 = -27*p - 73. Suppose p*f - 6 = 24. Calculate the greatest common factor of f and 160.
5
Let n(k) = k**3 + 103*k**2 + 77*k + 154. Let u be n(-102). What is the greatest common divisor of u and 468?
52
Let g(r) be the second derivative of 13*r**4/6 - 2*r**3 + r**2/2 - 15*r - 1. Let a be g(-4). What is the highest common factor of a and 15?
15
Let b(y) = 37*y - 6. Let g(t) = -23*t + 5*t - 3 + 10 - 4. Let q(z) = 2*b(z) + 5*g(z). Let s be q(-2). What is the greatest common divisor of 245 and s?
35
Let m be 7 + (37246/44)/((-1)/(-2)). What is the highest common divisor of 160 and m?
20
Let s = -10130 - -14839. What is the greatest common divisor of s and 119?
17
Let d(x) = -x**3 + 18*x**2 - 19*x + 32. Let m be d(17). Let g be 3995/10*(4 + m). Calculate the greatest common divisor of 47 and g.
47
Suppose -2*u + 291 = -d - 2*d, -414 = -3*u - 3*d. Suppose 5*i - 9*q = 814, -396*i - q - 174 = -397*i. What is the highest common factor of u and i?
47
Let c = -2 + 7. Let f = -369 - -370. Let a be 25*(16 + -14 - (f + 0)). Calculate the greatest common divisor of c and a.
5
Let b(v) = v**3 + 27*v**2 + 89*v - 145. Let a be b(-17). Calculate the highest common divisor of 5698 and a.
154
Let k = -2703 + 4495. Calculate the highest common divisor of 168 and k.
56
Let k be (60/(-6))/((-2)/20). Suppose -26 - k = -9*q. Suppose 95 = 3*a - 5*b, -5*a - 2*b + 183 = 2*b. Calculate the highest common divisor of a and q.
7
Let r(n) = -n**2 - 10*n + 58. Let q be r(-13). Let w(o) = 16*o. Let a be w(-2). Let f be 4/(a/(-14))*4*q. Calculate the greatest common divisor of f and 19.
19
Let f = 1475 - 1473. Calculate the highest common factor of f and 16.
2
Suppose -1845 = 22*a - 437. Let c be (2400/a)/(2/(-8)). Calculate the greatest common factor of 12 and c.
6
Suppose 8*q - 2843 + 395 = 0. Let c = -363 - -156. Let k = c + q. What is the highest common factor of 9 and k?
9
Suppose 51*q - 19084 = 7*q + 2916. What is the highest common divisor of q and 20?
20
Let w be -7 + 6*(-1)/(-9)*6. Let s be (-117)/w - (0 - -6). Calculate the highest common divisor of s and 187.
11
Let r(y) be the first derivative of y**2 + 63*y - 115. Let z be r(30). What is the highest common factor of z and 164?
41
Let y = -14600 - -26182. Calculate the highest common divisor of y and 2.
2
Let i be (-36 + -11 + 5)/((-6)/28). Let a = i + -111. What is the greatest common factor of a and 272?
17
Suppose 4*p + 0 = 16. Suppose p*s - 228 = 3*k, 2*k = -k. Let w be (2/2)/(19/s). Calculate the highest common divisor of w and 9.
3
Suppose -492 = 8*l - 508. Calculate the highest common factor of 27 and l.
1
Let v be 2*(-6)/(276/(-82225)). Calculate the greatest common factor of v and 22.
11
Let s(y) = -25*y**3 - y**2 - 2*y - 1. Let d be s(-1). Let v(u) = u**3 - 8*u**2 + 5*u - 18. Let k be v(11). Calculate the highest common factor of d and k.
25
Let t = 62 - 22. Let u be (-76)/(-10) + 16/t. Let v = -405 - -411. What is the greatest common divisor of u and v?
2
Suppose -7922 = 13*f + 151. Let h = f - -623. Calculate the highest common divisor of 50 and h.
2
Let l be 52 - (2 + -1 + 0). Let d = -4461 + 4464. Calculate the greatest common factor of l and d.
3
Let n be ((-344)/5 - (-4 - -8))*-5. What is the highest common divisor of n and 756?
28
Suppose -2*j + 5*z = -2, -3*j + 2*z = -39 + 14. Suppose 4*v + 3*l = 40, -j*v + 16*v = l + 50. Calculate the highest common divisor of v and 8.
2
Let r be ((-476)/(-10))/1*(42 + -47). Let q = r + 385. Let y = -21 + 42. Calculate the highest common factor of y and q.
21
Let i be ((-2051)/14)/(2*(-2)/8). Let c = -274 + i. What is the highest common factor of 152 and c?
19
Suppose -5*y = -0*y - 1040. Let q(m) = -17*m**3 + 175*m**2 - 30*m + 60. Let j be q(10). Calculate the highest common factor of y and j.
52
Let w be (0 + -2)/(2/(-8)). Let a be 1792/(-420)*(-15 + 0). Calculate the highest common factor of w and a.
8
Let v = -3962 + 3986. Calculate the highest common divisor of v and 6816.
24
Let b(f) = -224*f**3 - 5*f**2 - 49*f - 142. Let z be b(-4). Calculate the highest common divisor of 90 and z.
90
Let h be ((-8)/(-10))/(110/275). Suppose 0 = -3*j + h*z + 487 + 109, 0 = -3*j - 4*z + 572. What is the greatest common factor of 84 and j?
28
Suppose -2*n + 23 = 15. Suppose -4*u - 2*i + 71 = -23, 4 = -n*i. Calculate the greatest common factor of 27 and u.
3
Let q = -838 + 865. Suppose 9 = -y + 4*u, 0 = -4*y - 3*u - 2*u + 69. Suppose 10*a + 18 = y*a. What is the highest common factor of a and q?
9
Suppose 171 - 7 = 82*t. Calculate the greatest common divisor of 250 and t.
2
Let t be (-39)/(702/(-334224)) - 21. Calculate the highest common divisor of t and 17.
17
Let v(f) = 2751*f**2 - 418*f - 831. Let r be v(-2). What is the highest common divisor of 109 and r?
109
Let y be (-2)/(-10) + (405/(-25))/(-9). Suppose -y*w + 1 = 2*s - 13, -31 = -4*s - 5*w. Calculate the highest common factor of s and 4.
4
Let u be -8 + 3/((-9)/3). Let a = -59 - -59. Let c be 0 + -1 - u - a. Calculate the greatest common divisor of 72 and c.
8
Let i(p) = -p**3 - 10*p**2 + 6*p - 117. Let d be i(-15). What is the highest common factor of d and 18?
18
Suppose 0 = 31*d - 1704 - 884 - 1876. Calculate the greatest common divisor of d and 2988.
36
Suppose -16 = 8*i + 88. Let m(x) = x + 20. Let n be m(i). Let c be 9/(-21) + 398/14. What is the highest common divisor of c and n?
7
Suppose 8*n - 789 = 331. Suppose -5*d + 3 = -4*c, 0 = d - c - 0*c. Let v(p) = p**2 + 4*p - 1. Let o be v(d). Calculate the highest common divisor of n and o.
20
Suppose 57*h - 55*h = 88. Suppose -33*c - 352 = -h*c. What is the greatest common factor of c and 12?
4
Suppose 60 = m - 3*j, -4*j + 62 = -3*m + 222. Calculate the highest common f